-2*f - 5 + i. What are the prime factors of f?
11
Let x(t) = -7 - t + 6 + 9. Let a be x(6). Let h = a - -4. What are the prime factors of h?
2, 3
Suppose b = -4*b + 405. What are the prime factors of b?
3
Suppose -4*m + 5*t = -109, 0 = m - 0*m - 4*t - 41. List the prime factors of m.
3, 7
Suppose -g + 4 = -0*g. Suppose 3*p = 0, 4*p + 188 = g*r - 20. List the prime factors of r.
2, 13
Let f(n) = n + 10. Let l be f(-7). Let q(z) = -4*z**l + 5*z**2 + 8*z + 4*z**3 - z**3 - 2. List the prime factors of q(6).
2, 5
Let j(h) = -h**2 + 13*h - 12. Let x be j(12). Suppose x = -3*g + 2*g + 9. List the prime factors of g.
3
Let u(m) = -m**3 - 3*m**2 + 2*m - 2. List the prime factors of u(-5).
2, 19
Suppose 43 = 4*r - 69. What are the prime factors of r?
2, 7
Suppose -5*l + 5*x + 0 = 5, x + 2 = 4*l. What are the prime factors of 3 + -2 - (-33 - l)?
5, 7
Let t(f) = f**2 + 3*f - 6. Suppose 0*q + q = -8. List the prime factors of t(q).
2, 17
Suppose 4*i - 32 + 4 = 4*d, i + 5 = -2*d. Let f(g) = 2*g**2 + 7*g + 6. Let r be f(d). Let p = 2 + r. What are the prime factors of p?
2, 3
Let z = -34 - -78. Let d = -15 + z. What are the prime factors of d?
29
Suppose -w + 5*w - 28 = 0. Let c be w/(1/(3 + -1)). Suppose -4*h + 60 = -4*z, 4*h = 5*z + c + 47. List the prime factors of h.
2, 7
Suppose -2*g + 2 = -3*t - 0, -4*t = 4*g - 4. Let f be t + 2 + (5 - 3). List the prime factors of 3/(-1 + 7)*f.
2
Suppose t + 10 = 6*t. Let r be (t - (-10)/(-6))*18. Let m = -3 + r. What are the prime factors of m?
3
Let i = 284 + -169. What are the prime factors of i?
5, 23
Suppose -5*a + 0*a = -40. Let k = a + 1. List the prime factors of k.
3
Let y be 1*-10 - 2/(-1). Let z be y - -2*2/2. What are the prime factors of 2/z*-10*3?
2, 5
Let i(g) = g**3 - 7*g**2 + 8*g - 9. Let d be i(6). Suppose -v + 1 = -d. What are the prime factors of v?
2
Let y be (0/(-1 + -2))/(-2). Suppose y = -h + 6 - 2. What are the prime factors of h?
2
Let u = -5 + 8. Suppose -u = -3*v + 3. Let n(w) = 3*w**2 + 2. What are the prime factors of n(v)?
2, 7
Suppose j - 5*j + 8 = 0. Let k be 6*1/4*j. Suppose -2*h = 3*r + 2*r - 51, -r - k = -4*h. List the prime factors of r.
3
Let c = -6 + 14. Let r be (-4)/16 + 2/c. Suppose r = -b - 2*b + 30. List the prime factors of b.
2, 5
Let d be (-1 + -1 + 2)/(-2). Suppose 2*j - 3 - 3 = d. List the prime factors of ((-6)/8)/(j/(-12)).
3
Let y(k) be the second derivative of -k**8/6720 + k**7/2520 + k**5/10 - k**4/6 + k. Let p(i) be the third derivative of y(i). List the prime factors of p(0).
2, 3
Let l(i) = 4*i**2 - 5*i - 5. Let k(y) = -y**2 + 1. Let o(c) = -5*k(c) - l(c). Let t be o(-3). Let j = 12 + t. What are the prime factors of j?
2, 3
Suppose -3*w - 8 = 3*a - 26, 2*w = -2. Let p(u) = u**2 - u. What are the prime factors of p(a)?
2, 3, 7
Let y(d) = -5*d - 1. Let s be y(-1). Suppose -2*i + 2*n - 4 = -6*i, -2*i = s*n + 10. List the prime factors of i.
3
Suppose 3*s + 0*j = -3*j - 63, 3*s - 3*j = -57. Suppose -l + 33 = g, 75 = 2*g + 4*l + l. Let z = g + s. What are the prime factors of z?
2, 5
Let o = -465 + 659. What are the prime factors of o?
2, 97
Let v(b) = b**2 - 17*b - 2. List the prime factors of v(-8).
2, 3, 11
Let i = 1 + 1. Suppose -7*f = -i*f. Suppose 4*b + b - 15 = f. What are the prime factors of b?
3
List the prime factors of (-535)/(-15) + 2/6.
2, 3
Let x = -10 - -24. What are the prime factors of x?
2, 7
Let b = 0 + 4. Suppose -5*s = -b*s - 15. What are the prime factors of s?
3, 5
Let c(r) = -r**3 + 8*r**2 + 16*r - 2. What are the prime factors of c(7)?
3, 53
Suppose -28 = 5*v - 3. Let u be (4 - 5)*(v + 0). Suppose -2*g = u*n - 13, 2*g + 19 = 4*g - n. What are the prime factors of g?
3
Let k = -3 - -3. Suppose -3*l = -k*l. Suppose 2*f + t = 19, 2*t - 6 - 4 = l. What are the prime factors of f?
7
Let o(a) = -60*a**3 + 2*a**2 - 1. Let z be o(-1). Suppose 75 = -4*k - z. Let n = -20 - k. List the prime factors of n.
2, 7
Let q(t) = t**2 + 7*t - 8. Let s be q(-8). Suppose -14 = -2*j - s*j. What are the prime factors of j?
7
Suppose 373 = 5*v + 4*h - 5*h, -4*v = h - 293. What are the prime factors of v?
2, 37
Suppose 36 = o + 5*o. Suppose 2*c + 108 = o*c. What are the prime factors of c?
3
Suppose 0 = -j, 2*j + 2 = x - 0*j. Suppose -7 = -x*z + 3. Suppose z*r - r = 20. What are the prime factors of r?
5
What are the prime factors of 4 - (-1 - 9/3)?
2
Suppose y - 36 = -3*x, 5*y - 3*x + 5*x = 115. Let w = -10 + y. List the prime factors of w.
11
Suppose 14 = 5*l - 11. Suppose 3*n + 4*r + 5 = -r, r = -3*n - 1. Suppose -s + n*s = -l. List the prime factors of s.
5
Suppose -4*q = -9*q + 330. Let d = q + -41. What are the prime factors of d?
5
Let h = 7 + -4. Suppose -h*g + n + 8 = -0*n, -32 = -4*g - 4*n. List the prime factors of g.
2
Suppose -m + v + 2 = 0, 0 = -m - 2*v - v + 6. Suppose 0 = 4*g + h + 31, -5*g - 36 = h + m*h. What are the prime factors of 39/4 + (-2)/g?
2, 5
Let z = 15 - 11. Suppose z + 2 = 2*x - f, 0 = -5*x + 4*f + 15. Suppose 5 = 5*d - 4*c - 61, x*c = -5*d + 73. List the prime factors of d.
2, 7
Suppose -2*b = m, -4*m + 9*m = -2*b - 16. Let w = 6 + m. List the prime factors of w.
2
Suppose 7 = 2*v - 3. Suppose -v*x + 25 = -15. Let d = x - 5. List the prime factors of d.
3
Suppose 4*z - g - 42 = 0, 2*z - g + 0*g - 22 = 0. Let v = -16 + z. What are the prime factors of (-50)/v + 2/(-6)?
2
Let d = -3 - -52. List the prime factors of d.
7
Let a = 4 - 5. Let v = 12 - a. Suppose 0 = -7*s + 2*s - c + 23, -4*c - v = -s. List the prime factors of s.
5
Suppose -3*k + 11 = 2*b - 4, b + 2*k = 9. Suppose -b*z + 2*d = -6*z + 35, -d = z - 12. What are the prime factors of z?
11
Suppose 2*p = 2*z - 246, 9*p = -4*z + 14*p + 492. What are the prime factors of z?
3, 41
Suppose 0 = -3*m - m - 32. Let q(k) = -k**3 - 8*k**2 + k + 11. Let v be q(m). Suppose -v*b + 2*b + 11 = 0. List the prime factors of b.
11
Let l(t) = 10*t + 43. List the prime factors of l(22).
263
Suppose 0 = z - 7*z + 504. List the prime factors of z.
2, 3, 7
Let q(a) = 2*a + 6. Let o be q(-4). Let m = o + 5. Suppose f - 2*c - 22 = -3*f, m*c = 15. What are the prime factors of f?
2
Suppose 2*b + 500 = -3*q - q, 0 = -4*b - 5*q - 985. Let y = -27 - -17. What are the prime factors of b/(-25) - 4/y?
2, 5
Let u be 1/(((-4)/2)/(-4)). Let k(b) = -2*b - 4. Let c be k(-4). What are the prime factors of 1*c*9/u?
2, 3
Let f(j) = -j**2 - 15*j + 5. What are the prime factors of f(-11)?
7
Suppose 2*d = -2*l + 70, -d = -0*d + 2*l - 31. What are the prime factors of d?
3, 13
What are the prime factors of 3 + ((-9)/3 - -17)?
17
Let k(d) = 3*d**2 - 7*d + 8. List the prime factors of k(3).
2, 7
Let z(o) = -3*o - 4. Let a be z(-2). Suppose -p = 3*n - 59, a*p + 129 = 5*p - 3*n. List the prime factors of p.
47
List the prime factors of 2/(-3) - 2810/(-30).
3, 31
Suppose 2*l = -4*h + 110, 3*h + 10 - 110 = -5*l. List the prime factors of h.
5
Let m(n) = 5*n**2 + n + 3. Let g(q) = -9*q**2 - 3*q - 5. Let z = -10 - -17. Let w(o) = z*m(o) + 4*g(o). List the prime factors of w(-3).
7
Suppose 3*s - 3*t = 2337, -s = 2*t + 148 - 912. Let v be 6/(-33) - s/(-22). What are the prime factors of 4/(-10) + 329/v?
3
Suppose 16 = 5*b - 4*g, 3*b - 2*g - 3*g - 20 = 0. Let a = -6 - -11. Let y = b + a. List the prime factors of y.
5
List the prime factors of 4 + 68/(-16) - (-69)/4.
17
Let o = -3 - -2. Let j be 5/(5/3) - o. Suppose -m + 50 = j*m. List the prime factors of m.
2, 5
Let b(k) = 40*k**2 - k - 1. What are the prime factors of b(-1)?
2, 5
Suppose 0*w - 6 = 3*w. Let r(h) = 8*h**2 + h - 1. List the prime factors of r(w).
29
Suppose 5*g + c = 455, 3*c = g - 122 + 47. List the prime factors of (-1)/(-2) + g/4.
23
Let i be 120 + (2 + 0)*1. Suppose 14 - i = -4*r. List the prime factors of r.
3
Suppose 4*y - 20 = -y. Suppose 0 = -12*s + 15*s + 6. Let z = s + y. What are the prime factors of z?
2
Let p(t) be the second derivative of t**5/120 - t**4/12 - t**3/6 - 2*t. Let d(a) be the second derivative of p(a). What are the prime factors of d(4)?
2
Suppose 3*k + l = -4*l - 2, -2*k - 2*l = 0. Let j = k - -12. What are the prime factors of j?
13
Let c = 14 + -7. Suppose -32 = c*d - 3*d. List the prime factors of (3 - 1)*(-44)/d.
11
Let x(j) = 5*j - 25. Let t(y) = y - 6. Let l(c) = -9*t(c) + 2*x(c). Let r be l(-2). Suppose -r*f = -7*f + 45. List